3
In base 16, what is 6 + e4?
ea
In base 8, what is 3 + -100?
-75
In base 9, what is 1012 - 2?
1010
In base 12, what is -3 - -48a?
487
In base 12, what is -34 + -9?
-41
In base 15, what is -40 + 5?
-3a
In base 10, what is -2 + -195?
-197
In base 14, what is 11 - -78?
89
In base 14, what is 2 + 5aa?
5ac
In base 6, what is 35 + -35?
0
In base 10, what is 13 - 4?
9
In base 3, what is 10222212 + -12?
10222200
In base 8, what is 5 - 10?
-3
In base 2, what is -11010 - 1?
-11011
In base 12, what is -5 + -329?
-332
In base 11, what is 59 + 24?
82
In base 4, what is 101 - -3?
110
In base 15, what is -5 + 3a?
35
In base 11, what is -1 - -101?
100
In base 2, what is -11 + 10011100101?
10011100010
In base 4, what is -2 + 100111?
100103
In base 7, what is 15 + -35?
-20
In base 5, what is -40342 + 1?
-40341
In base 7, what is -1054 + 5?
-1046
In base 10, what is -3278 + -9?
-3287
In base 13, what is 68 + b3?
14b
In base 4, what is 113331 - 11?
113320
In base 10, what is 4 - 260?
-256
In base 4, what is 11 - 2002?
-1331
In base 4, what is -33 - -13?
-20
In base 3, what is 210 - 110?
100
In base 11, what is -34 - -a1?
68
In base 3, what is 1022 + 1011?
2110
In base 4, what is -10 + 2312?
2302
In base 2, what is 10 - 1010?
-1000
In base 2, what is -101 - 1001?
-1110
In base 9, what is -5 - -117?
112
In base 6, what is 5 - -3331?
3340
In base 12, what is 1b8b + -3?
1b88
In base 7, what is 665 - -51?
1046
In base 5, what is -3133 - -2?
-3131
In base 3, what is -1011120 + 21?
-1011022
In base 12, what is -19 + 4?
-15
In base 10, what is -51 + -6?
-57
In base 5, what is 122 - 1310?
-1133
In base 5, what is -3 - -3440?
3432
In base 13, what is 98a + -3?
987
In base 11, what is -4 - -37?
33
In base 13, what is -2 - -a0b?
a09
In base 13, what is -1b + 5?
-16
In base 16, what is 5f - -2?
61
In base 4, what is 3 + -101?
-32
In base 12, what is -38 + b1?
75
In base 12, what is 83 + 4?
87
In base 2, what is -10001110 + -11?
-10010001
In base 14, what is -210 - d?
-21d
In base 15, what is 67 + -1?
66
In base 5, what is -10 - 1024?
-1034
In base 8, what is 234 + 65?
321
In base 9, what is 23 - 13?
10
In base 11, what is 5 + 2a9?
303
In base 3, what is -10012 + 11?
-10001
In base 2, what is -111100 + 10?
-111010
In base 9, what is -531 - 0?
-531
In base 2, what is 11100010 - -101?
11100111
In base 16, what is -157 - -8?
-14f
In base 11, what is -1 + 666?
665
In base 15, what is c + -15?
-8
In base 11, what is 5 - -565?
56a
In base 13, what is -812 + 5?
-80a
In base 4, what is 3 - -100?
103
In base 14, what is -5 - 6?
-b
In base 16, what is 4e0 + 0?
4e0
In base 5, what is -2231 + -4?
-2240
In base 3, what is 20 - -12?
102
In base 2, what is 10 - 111000010?
-111000000
In base 9, what is 13306 + 1?
13307
In base 7, what is -4 + -234?
-241
In base 8, what is 34 + -2?
32
In base 14, what is 64 - -1?
65
In base 2, what is -100 - -10000010?
1111110
In base 14, what is 255 - -5?
25a
In base 8, what is -3 + 36?
33
In base 5, what is -3424 - -203?
-3221
In base 4, what is 3 + 1021?
1030
In base 6, what is 0 + 1100?
1100
In base 9, what is -307 - 1?
-308
In base 12, what is 1 + 356?
357
In base 10, what is 7 - 137?
-130
In base 7, what is 0 + 6?
6
In base 15, what is -1 - a02?
-a03
In base 5, what is 2204 - 43?
2111
In base 10, what is 5 + 270?
275
In base 11, what is -4 - -3763?
375a
In base 6, what is 5 + 1555?
2004
In base 13, what is 26b5 - -1?
26b6
In base 6, what is 0 + 304?
304
In base 11, what is -5 + -77?
-81
In base 9, what is 5 - -5712?
5717
In base 8, what is -7560 + 2?
-7556
In base 3, what is 2 + 1002?
1011
In base 6, what is -11305 - 1?
-11310
In base 4, what is -112 + -20?
-132
In base 7, what is 5 + 24221?
24226
In base 3, what is -2201 - 11120?
-21021
In base 15, what is 6 + 25?
2b
In base 7, what is -6120 - 4?
-6124
In base 13, what is 7 - 160?
-156
In base 11, what is 2 - -464?
466
In base 12, what is 4 + 1b4?
1b8
In base 12, what is -153 - -1?
-152
In base 11, what is 10 - -1351?
1361
In base 10, what is 39 - 5?
34
In base 3, what is 1 - -1020?
1021
In base 4, what is -10 + 1033?
1023
In base 10, what is 0 - 1099?
-1099
In base 6, what is 40132 + -3?
40125
In base 5, what is -212120 + 3?
-212112
In base 14, what is 3 + 109?
10c
In base 3, what is 0 + 222?
222
In base 14, what is -4c2a + -5?
-4c31
In base 5, what is 12 + 213?
230
In base 12, what is -18 - -8ba?
8a2
In base 8, what is -1641 + 5?
-1634
In base 8, what is -1131 + -12?
-1143
In base 3, what is 110211 - -1?
110212
In base 11, what is -4 + -59?
-62
In base 3, what is -1 + 110201?
110200
In base 4, what is 2 - -222?
230
In base 6, what is -11 + -34?
-45
In base 11, what is 3 + -65?
-62
In base 13, what is -4 + 22?
1b
In base 11, what is -14 - 766?
-77a
In base 10, what is -2 + 296?
294
In base 2, what is -110000011 + 11?
-110000000
In base 8, what is -10 - -203?
173
In base 4, what is 0 - -2231?
2231
In base 14, what is -3 - 289?
-28c
In base 12, what is 383 + -5?
37a
In base 9, what is -5 + -503?
-508
In base 15, what is 20 + 14?
34
In base 12, what is 10 + 5?
15
In base 6, what is 124 - -151?
315
In base 7, what is 120 + -61?
26
In base 15, what is 80 - -4?
84
In base 2, what is 101 - -11110?
100011
In base 2, what is -11 + 11000010011?
11000010000
In base 15, what is 0 + b5?
b5
In base 3, what is 21 - -1002?
1100
In base 15, what is c + 15?
22
In base 10, what is 6221 - 5?
6216
In base 10, what is -73 - 1?
-74
In base 8, what is -126 + -3?
-131
In base 8, what is -2 + 410?
406
In base 10, what is -49 + -3?
-52
In base 3, what is 12 - 1011002?
-1010220
In base 14, what is -4 - 2c?
-32
In base 7, what is 10 + -543?
-533
In base 11, what is -1175 + 1?
-1174
In base 11, what is -9 - a?
-18
In base 14, what is -43 - -4?
-3d
In base 15, what is -26b7 - -3?
-26b4
In base 4, what is -301 - -13?
-222
In base 2, what is -100 + -11010?
-11110
In base 2, what is -10 - -10111101?
10111011
In base 6, what is 414 - 2?
412
In base 4, what is -2032 - 13?
-2111
In base 15, what is 5 - -ca?
d0
In base 14, what is -b6 - 1?
-b7
In base 16, what is -3 - d?
-10
In base 16, what is 2 + 4b?
4d
In base 16, what is 1e - -2?
20
In base 16, what is 790 + -5?
78b
In base 8, what is 105 + 4?
111
In base 11, what is -5 - 156?
-160
In base 7, what is 4450 - 2?
4445
In base 4, what is 31223 - -2?
31231
In base 9, what is 3 + -12?
-8
In base 2, what is 1001010000010001 + -100?
1001010000001101
In base 5, what is 4300 - 3?
4242
In base 4, what is -11200 - -2?
-11132
In base 2, what is 10 + 101110100?
101110110
In base 6, what is 5 + 41?
50
In base 3, what is 10 - 201?
-121
In base 10, what is -125 + 5?
-120
In base 5, what is 44 - -1?
100
In base 9, what is -1 - -10?
8
In base 12, what is 4 - -1391?
1395
In base 12, what is -67 + -6?
-71
In base 3, what is -1222 + 10?
-1212
In base 5, what is 42 - -41?
133
In base 16, what is 14 + -38?
-24
In base 13, what is -5 + -25?
-2a
In base 7, what is 30020 - -5?
30025
In base 11, what is 3 + -2210?
-2208
In base 4, what is 1202 - 20?
1122
In base 9, what is -3 + 151?
147
In base 5, what is 2 + 3130?
3132
In base 3, what is -11 + 110002?
102221
In base 3, what is -202 + 100?
-102
In base 15, what is 45 - 2?
43
In base 9, what is -214 - -3?
-211
In base 2, what is -11001 - -110011?
11010
In base 8, what is 35 - 66?
-31
In base 7, what is 36 + -342?
-303
In base 6, what is -3 + -242?
-245
In base 15, what is 396 + 4?
39a
In base 8, what is 6 - -1?
7
In base 5, what is -143 + -4?
-202
In base 13, what is 85 - 16b?
-b6
In base 3, what is -1010220 - -121?
-1010022
In base 16, what is 4 + -46?
-42
In base 10, what is 2 + 83?
85
In base 2, what is 11111111001 - -1?
11111111010
In base 6, what is 23 - 303?
-240
In base 2, what is 101 + 11010011?
11011000
In base 6, what is 1 + -30?
-25
In base 6, what is 114214 + -4?
114210
In base 10, what is -182 - 0?
-182
In base 12, what is -1 + -b42?
-b43
In base 10, what is -20 + 536?
516
In base 3, what is 12111 - 2?
12102
In base 9, what is 6 - -2282?
2288
In base 9, what is 166 - -7?
174
In base 4, what is -2123 - 21?
-2210
In base 10, what is 11 + 0?
11
In base 2, what is -100 + 11100?
11000
In base 4, what is 1333331 - 1?
1333330
In base 2, what is -10011011 - -101?
-10010110
In base 4, what is 10 + -131?
-121
In base 13, what is -1 - -74?
73
In base 2, wh